the greatest common divisor of 168 and 67692310?
14
Calculate the greatest common factor of 7567 and 106377967.
1081
Calculate the highest common divisor of 452930513 and 805.
161
What is the greatest common factor of 51371620 and 139136?
4348
What is the highest common factor of 14944 and 4120808?
3736
What is the highest common divisor of 114952955 and 507?
169
Calculate the greatest common divisor of 1345513 and 169.
13
Calculate the highest common divisor of 2478 and 2722062.
42
Calculate the highest common factor of 24 and 21297597.
3
What is the greatest common divisor of 1508590 and 59110?
2570
Calculate the greatest common factor of 353590517 and 49.
49
What is the greatest common factor of 607433 and 2173?
53
Calculate the greatest common factor of 6266379 and 24.
3
What is the greatest common divisor of 1405062 and 234?
18
Calculate the greatest common divisor of 11106240 and 6900.
1380
Calculate the greatest common divisor of 1107113 and 80551.
109
What is the highest common factor of 70 and 13912400?
10
What is the greatest common factor of 3976440 and 10920?
1560
What is the highest common factor of 588 and 10356640?
196
What is the greatest common factor of 29875 and 976315?
1195
Calculate the highest common factor of 254423 and 2210.
13
Calculate the highest common divisor of 30013746 and 714.
42
What is the highest common factor of 3884339 and 284?
71
What is the highest common divisor of 26910 and 3715920?
1170
What is the highest common divisor of 3949881 and 117?
39
What is the greatest common divisor of 12927296 and 112?
16
Calculate the greatest common factor of 375970 and 32535160.
9170
Calculate the highest common divisor of 9265 and 1022420.
545
Calculate the greatest common divisor of 38872 and 1371528.
344
Calculate the greatest common factor of 27265240 and 1080.
40
What is the greatest common factor of 867764 and 15148?
2164
What is the highest common divisor of 205 and 2278821?
41
Calculate the greatest common divisor of 6076 and 2306276.
868
What is the greatest common divisor of 27 and 42762222?
27
What is the greatest common factor of 58823 and 4607137?
997
What is the highest common divisor of 38817 and 5787?
9
What is the highest common factor of 172452 and 6524?
28
Calculate the highest common factor of 27825 and 34860273.
1113
What is the highest common divisor of 627 and 969633764?
209
Calculate the highest common divisor of 7083975 and 10875.
2175
What is the highest common divisor of 745 and 11295243?
149
What is the greatest common divisor of 5428 and 42894816?
92
What is the highest common divisor of 97905 and 4209?
183
Calculate the highest common divisor of 4436912 and 49364.
172
Calculate the highest common divisor of 10 and 63315115.
5
Calculate the highest common factor of 150571915 and 87.
29
What is the greatest common divisor of 27928375 and 6?
1
Calculate the greatest common factor of 365491 and 2695.
49
Calculate the highest common divisor of 2578 and 519284.
2
What is the greatest common factor of 21 and 314067?
3
What is the highest common divisor of 1990096 and 1104?
16
Calculate the highest common divisor of 289419910 and 130.
130
What is the greatest common factor of 304 and 165296?
16
Calculate the greatest common divisor of 11 and 288473273.
11
Calculate the highest common divisor of 215 and 46271569.
43
Calculate the greatest common divisor of 7580 and 1164940.
20
What is the highest common factor of 325 and 68029?
13
What is the greatest common divisor of 296 and 8001992?
8
Calculate the greatest common factor of 71489 and 78958.
1067
What is the greatest common factor of 495 and 2114200?
55
What is the highest common divisor of 7735 and 481810?
35
Calculate the highest common factor of 211146 and 22074.
78
What is the highest common divisor of 67812838 and 2670?
178
What is the greatest common factor of 27284 and 131024?
76
What is the highest common factor of 3997939 and 355?
71
What is the highest common divisor of 4744 and 3949973?
593
Calculate the highest common divisor of 204579036 and 18576.
1548
Calculate the greatest common divisor of 622 and 1421730.
2
Calculate the highest common divisor of 4995 and 3764750.
185
Calculate the greatest common divisor of 458892 and 137796.
12
Calculate the highest common divisor of 114642941 and 266.
133
Calculate the greatest common divisor of 3003837 and 12.
3
Calculate the highest common factor of 5960240 and 3575.
715
What is the highest common factor of 1502778519 and 99?
99
Calculate the highest common divisor of 173761 and 103103.
721
Calculate the highest common factor of 13482128 and 1408.
176
Calculate the highest common divisor of 64588 and 2673413.
241
Calculate the greatest common factor of 17 and 70949925.
17
Calculate the highest common factor of 5527836 and 2716.
388
What is the highest common divisor of 2021 and 803627?
43
Calculate the greatest common divisor of 17367322 and 28.
14
Calculate the greatest common divisor of 495 and 27231615.
45
What is the greatest common divisor of 1001 and 27132287?
91
What is the greatest common divisor of 254528 and 375680?
64
Calculate the greatest common divisor of 36670 and 2375.
95
What is the greatest common factor of 110 and 28666?
22
What is the highest common factor of 121 and 191619109?
121
What is the highest common divisor of 412259 and 1429800?
2383
Calculate the highest common factor of 321860476 and 6276.
2092
Calculate the highest common factor of 1768052 and 69688.
1124
What is the highest common factor of 2828 and 144565946?
1414
What is the greatest common divisor of 325954 and 303202?
158
Calculate the highest common factor of 3175 and 13129133.
127
Calculate the greatest common factor of 204624 and 21456.
144
What is the greatest common divisor of 57 and 236709087?
57
Calculate the highest common divisor of 309184 and 7156.
4
Calculate the greatest common factor of 36938 and 806564.
506
Calculate the greatest common factor of 81263452 and 1604.
1604
Calculate the highest common factor of 129888 and 151992.
72
Calculate the greatest common factor of 245 and 4361944965.
245
Calculate the highest common divisor of 185007975 and 75.
75
What is the highest common divisor of 9640 and 36391?
241
Calculate the greatest common factor of 260545 and 17120.
535
Calculate the highest common divisor of 514710 and 4005.
45
What is the greatest common divisor of 1330 and 117913430?
190
Calculate the highest common factor of 2172765 and 30.
15
Calculate the greatest common divisor of 112 and 395484208.
112
Calculate the highest common factor of 1089932 and 16213.
523
What is the highest common divisor of 19035 and 679441635?
6345
Calculate the highest common divisor of 2262704 and 25029.
103
What is the greatest common factor of 294 and 7216818?
294
What is the greatest common factor of 2788 and 262516?
4
What is the highest common divisor of 5829 and 19176?
3
Calculate the highest common factor of 5913634 and 7122.
2374
What is the highest common factor of 5672 and 2975673?
709
What is the greatest common factor of 9691 and 2207997?
11
What is the greatest common divisor of 2512 and 34316432?
2512
What is the greatest common divisor of 464852 and 359432?
1004
Calculate the highest common factor of 88 and 717827.
11
What is the greatest common divisor of 17258403 and 513?
57
What is the greatest common factor of 6482 and 1663559?
463
Calculate the greatest common factor of 120989 and 46500537.
647
What is the highest common factor of 65740 and 17600?
20
Calculate the highest common factor of 92220 and 3144.
12
What is the highest common factor of 432 and 106436376?
216
Calculate the greatest common factor of 117058528 and 11840.
1184
Calculate the greatest common factor of 66 and 7610636.
22
What is the highest common factor of 663 and 1307202?
39
What is the greatest common factor of 306818118 and 1368?
342
Calculate the highest common divisor of 86511 and 39.
3
Calculate the greatest common divisor of 224436 and 56404.
236
What is the greatest common factor of 355142476 and 1534?
1534
What is the highest common factor of 50605491 and 3?
3
What is the greatest common divisor of 8499667 and 77?
11
What is the highest common factor of 8301151 and 34?
17
Calculate the greatest commo